{"id":1701,"date":"2024-03-20T16:27:59","date_gmt":"2024-03-20T16:27:59","guid":{"rendered":"https:\/\/192.168.178.174\/?page_id=1701"},"modified":"2024-03-23T09:31:53","modified_gmt":"2024-03-23T09:31:53","slug":"wasserversorgung","status":"publish","type":"page","link":"https:\/\/webstuhl.duckdns.org\/?page_id=1701","title":{"rendered":"Wasserversorgung"},"content":{"rendered":"<div id=\"pl-1701\"  class=\"panel-layout\" ><div id=\"pg-1701-0\"  class=\"panel-grid panel-has-style\" ><div style=\"padding: 100px 0; \" data-overlay=\"true\" data-overlay-color=\"#000000\" class=\"panel-row-style panel-row-style-for-1701-0\" ><div id=\"pgc-1701-0-0\"  class=\"panel-grid-cell\" ><div id=\"panel-1701-0-0-0\" class=\"so-panel widget widget_sow-editor panel-first-child panel-last-child\" data-index=\"0\" ><div style=\"text-align: left;\" data-title-color=\"#443f3f\" data-headings-color=\"#443f3f\" class=\"panel-widget-style panel-widget-style-for-1701-0-0-0\" ><div\n\t\t\t\n\t\t\tclass=\"so-widget-sow-editor so-widget-sow-editor-base\"\n\t\t\t\n\t\t>\n<div class=\"siteorigin-widget-tinymce textwidget\">\n\t<h5>Dokumente im Zusammenhang der Anbindung an die kommunale Wasserversorgung:<\/h5>\n<p>Die Liste der \"Familien\" wurde von xyz im Jahre abc erstellt. Sie beschreibt die H\u00e4user, die beim Anschluss Wallersheims an das kommunale Wasserleitungsnetz an die Versorgung angebunden wurden. Vorher verf\u00fcgte Wallersheim \u00fcber eine gemeindeeigene Wasserversorgung. (Durch einen Click auf die Karte, wird diese vergr\u00f6\u00dfert)<\/p>\n<div class=\"pixiebrix-notifier-container\" style=\"all: initial;\">\n<div style=\"position: fixed; z-index: 2147483647; inset: 16px; pointer-events: none; font-family: sans-serif;\"><\/div>\n<\/div>\n<\/div>\n<\/div><\/div><\/div><\/div><\/div><\/div><div id=\"pg-1701-1\"  class=\"panel-grid panel-has-style\" ><div style=\"padding: 100px 0; \" data-overlay=\"true\" data-overlay-color=\"#000000\" class=\"panel-row-style panel-row-style-for-1701-1\" ><div id=\"pgc-1701-1-0\"  class=\"panel-grid-cell\" ><div id=\"panel-1701-1-0-0\" class=\"so-panel widget widget_media_gallery panel-first-child panel-last-child\" data-index=\"1\" ><div style=\"text-align: left;\" data-title-color=\"#443f3f\" data-headings-color=\"#443f3f\" class=\"panel-widget-style panel-widget-style-for-1701-1-0-0\" ><div id='gallery-1' class='gallery galleryid-1701 gallery-columns-3 gallery-size-large'><figure class='gallery-item'>\n\t\t\t<div class='gallery-icon portrait'>\n\t\t\t\t<a href='https:\/\/webstuhl.duckdns.org\/wp-content\/uploads\/2024\/03\/Haeuser_1-63-rotated.jpg'><img loading=\"lazy\" decoding=\"async\" width=\"768\" height=\"1024\" src=\"https:\/\/webstuhl.duckdns.org\/wp-content\/uploads\/2024\/03\/Haeuser_1-63-768x1024.jpg\" class=\"attachment-large size-large\" alt=\"\" aria-describedby=\"gallery-1-1568\" srcset=\"https:\/\/webstuhl.duckdns.org\/wp-content\/uploads\/2024\/03\/Haeuser_1-63-768x1024.jpg 768w, https:\/\/webstuhl.duckdns.org\/wp-content\/uploads\/2024\/03\/Haeuser_1-63-225x300.jpg 225w, https:\/\/webstuhl.duckdns.org\/wp-content\/uploads\/2024\/03\/Haeuser_1-63-1152x1536.jpg 1152w, https:\/\/webstuhl.duckdns.org\/wp-content\/uploads\/2024\/03\/Haeuser_1-63-1000x1333.jpg 1000w, https:\/\/webstuhl.duckdns.org\/wp-content\/uploads\/2024\/03\/Haeuser_1-63-230x307.jpg 230w, https:\/\/webstuhl.duckdns.org\/wp-content\/uploads\/2024\/03\/Haeuser_1-63-350x467.jpg 350w, https:\/\/webstuhl.duckdns.org\/wp-content\/uploads\/2024\/03\/Haeuser_1-63-480x640.jpg 480w, https:\/\/webstuhl.duckdns.org\/wp-content\/uploads\/2024\/03\/Haeuser_1-63-rotated.jpg 1200w\" sizes=\"auto, (max-width: 768px) 100vw, 768px\" \/><\/a>\n\t\t\t<\/div>\n\t\t\t\t<figcaption class='wp-caption-text gallery-caption' id='gallery-1-1568'>\n\t\t\t\tH\u00e4user_1-63\n\t\t\t\t<\/figcaption><\/figure><figure class='gallery-item'>\n\t\t\t<div class='gallery-icon portrait'>\n\t\t\t\t<a href='https:\/\/webstuhl.duckdns.org\/wp-content\/uploads\/2024\/03\/Haeuser_64-100-rotated.jpg'><img loading=\"lazy\" decoding=\"async\" width=\"768\" height=\"1024\" src=\"https:\/\/webstuhl.duckdns.org\/wp-content\/uploads\/2024\/03\/Haeuser_64-100-768x1024.jpg\" class=\"attachment-large size-large\" alt=\"\" aria-describedby=\"gallery-1-1569\" srcset=\"https:\/\/webstuhl.duckdns.org\/wp-content\/uploads\/2024\/03\/Haeuser_64-100-768x1024.jpg 768w, https:\/\/webstuhl.duckdns.org\/wp-content\/uploads\/2024\/03\/Haeuser_64-100-225x300.jpg 225w, https:\/\/webstuhl.duckdns.org\/wp-content\/uploads\/2024\/03\/Haeuser_64-100-1152x1536.jpg 1152w, https:\/\/webstuhl.duckdns.org\/wp-content\/uploads\/2024\/03\/Haeuser_64-100-1000x1333.jpg 1000w, https:\/\/webstuhl.duckdns.org\/wp-content\/uploads\/2024\/03\/Haeuser_64-100-230x307.jpg 230w, https:\/\/webstuhl.duckdns.org\/wp-content\/uploads\/2024\/03\/Haeuser_64-100-350x467.jpg 350w, https:\/\/webstuhl.duckdns.org\/wp-content\/uploads\/2024\/03\/Haeuser_64-100-480x640.jpg 480w, https:\/\/webstuhl.duckdns.org\/wp-content\/uploads\/2024\/03\/Haeuser_64-100-rotated.jpg 1200w\" sizes=\"auto, (max-width: 768px) 100vw, 768px\" \/><\/a>\n\t\t\t<\/div>\n\t\t\t\t<figcaption class='wp-caption-text gallery-caption' id='gallery-1-1569'>\n\t\t\t\tH\u00e4user_64-100\n\t\t\t\t<\/figcaption><\/figure><figure class='gallery-item'>\n\t\t\t<div class='gallery-icon landscape'>\n\t\t\t\t<a href='https:\/\/webstuhl.duckdns.org\/wp-content\/uploads\/2024\/03\/Um-die-Kirche_compr.jpg'><img loading=\"lazy\" decoding=\"async\" width=\"1024\" height=\"759\" src=\"https:\/\/webstuhl.duckdns.org\/wp-content\/uploads\/2024\/03\/Um-die-Kirche_compr-1024x759.jpg\" class=\"attachment-large size-large\" alt=\"\" aria-describedby=\"gallery-1-1589\" srcset=\"https:\/\/webstuhl.duckdns.org\/wp-content\/uploads\/2024\/03\/Um-die-Kirche_compr-1024x759.jpg 1024w, https:\/\/webstuhl.duckdns.org\/wp-content\/uploads\/2024\/03\/Um-die-Kirche_compr-300x222.jpg 300w, https:\/\/webstuhl.duckdns.org\/wp-content\/uploads\/2024\/03\/Um-die-Kirche_compr-768x569.jpg 768w, https:\/\/webstuhl.duckdns.org\/wp-content\/uploads\/2024\/03\/Um-die-Kirche_compr-1536x1138.jpg 1536w, https:\/\/webstuhl.duckdns.org\/wp-content\/uploads\/2024\/03\/Um-die-Kirche_compr-1000x741.jpg 1000w, https:\/\/webstuhl.duckdns.org\/wp-content\/uploads\/2024\/03\/Um-die-Kirche_compr-230x170.jpg 230w, https:\/\/webstuhl.duckdns.org\/wp-content\/uploads\/2024\/03\/Um-die-Kirche_compr-350x259.jpg 350w, https:\/\/webstuhl.duckdns.org\/wp-content\/uploads\/2024\/03\/Um-die-Kirche_compr-480x356.jpg 480w, https:\/\/webstuhl.duckdns.org\/wp-content\/uploads\/2024\/03\/Um-die-Kirche_compr.jpg 1570w\" sizes=\"auto, (max-width: 1024px) 100vw, 1024px\" \/><\/a>\n\t\t\t<\/div>\n\t\t\t\t<figcaption class='wp-caption-text gallery-caption' id='gallery-1-1589'>\n\t\t\t\tUm die Kirche\n\t\t\t\t<\/figcaption><\/figure><figure class='gallery-item'>\n\t\t\t<div class='gallery-icon portrait'>\n\t\t\t\t<a href='https:\/\/webstuhl.duckdns.org\/wp-content\/uploads\/2024\/03\/Ums_Lee_compr.jpg'><img loading=\"lazy\" decoding=\"async\" width=\"879\" height=\"1024\" src=\"https:\/\/webstuhl.duckdns.org\/wp-content\/uploads\/2024\/03\/Ums_Lee_compr-879x1024.jpg\" class=\"attachment-large size-large\" alt=\"\" aria-describedby=\"gallery-1-1591\" srcset=\"https:\/\/webstuhl.duckdns.org\/wp-content\/uploads\/2024\/03\/Ums_Lee_compr-879x1024.jpg 879w, https:\/\/webstuhl.duckdns.org\/wp-content\/uploads\/2024\/03\/Ums_Lee_compr-257x300.jpg 257w, https:\/\/webstuhl.duckdns.org\/wp-content\/uploads\/2024\/03\/Ums_Lee_compr-768x895.jpg 768w, https:\/\/webstuhl.duckdns.org\/wp-content\/uploads\/2024\/03\/Ums_Lee_compr-1000x1165.jpg 1000w, https:\/\/webstuhl.duckdns.org\/wp-content\/uploads\/2024\/03\/Ums_Lee_compr-230x268.jpg 230w, https:\/\/webstuhl.duckdns.org\/wp-content\/uploads\/2024\/03\/Ums_Lee_compr-350x408.jpg 350w, https:\/\/webstuhl.duckdns.org\/wp-content\/uploads\/2024\/03\/Ums_Lee_compr-480x559.jpg 480w, https:\/\/webstuhl.duckdns.org\/wp-content\/uploads\/2024\/03\/Ums_Lee_compr.jpg 1193w\" sizes=\"auto, (max-width: 879px) 100vw, 879px\" \/><\/a>\n\t\t\t<\/div>\n\t\t\t\t<figcaption class='wp-caption-text gallery-caption' id='gallery-1-1591'>\n\t\t\t\tUms Lee\n\t\t\t\t<\/figcaption><\/figure><figure class='gallery-item'>\n\t\t\t<div class='gallery-icon portrait'>\n\t\t\t\t<a href='https:\/\/webstuhl.duckdns.org\/wp-content\/uploads\/2024\/03\/Mahlebach_bis_Loch_compr.jpg'><img loading=\"lazy\" decoding=\"async\" width=\"729\" height=\"1024\" src=\"https:\/\/webstuhl.duckdns.org\/wp-content\/uploads\/2024\/03\/Mahlebach_bis_Loch_compr-729x1024.jpg\" class=\"attachment-large size-large\" alt=\"\" aria-describedby=\"gallery-1-1588\" srcset=\"https:\/\/webstuhl.duckdns.org\/wp-content\/uploads\/2024\/03\/Mahlebach_bis_Loch_compr-729x1024.jpg 729w, https:\/\/webstuhl.duckdns.org\/wp-content\/uploads\/2024\/03\/Mahlebach_bis_Loch_compr-214x300.jpg 214w, https:\/\/webstuhl.duckdns.org\/wp-content\/uploads\/2024\/03\/Mahlebach_bis_Loch_compr-768x1079.jpg 768w, https:\/\/webstuhl.duckdns.org\/wp-content\/uploads\/2024\/03\/Mahlebach_bis_Loch_compr-1000x1405.jpg 1000w, https:\/\/webstuhl.duckdns.org\/wp-content\/uploads\/2024\/03\/Mahlebach_bis_Loch_compr-230x323.jpg 230w, https:\/\/webstuhl.duckdns.org\/wp-content\/uploads\/2024\/03\/Mahlebach_bis_Loch_compr-350x492.jpg 350w, https:\/\/webstuhl.duckdns.org\/wp-content\/uploads\/2024\/03\/Mahlebach_bis_Loch_compr-480x674.jpg 480w, https:\/\/webstuhl.duckdns.org\/wp-content\/uploads\/2024\/03\/Mahlebach_bis_Loch_compr.jpg 1094w\" sizes=\"auto, (max-width: 729px) 100vw, 729px\" \/><\/a>\n\t\t\t<\/div>\n\t\t\t\t<figcaption class='wp-caption-text gallery-caption' id='gallery-1-1588'>\n\t\t\t\tMahlebach_bis_Loch\n\t\t\t\t<\/figcaption><\/figure><figure class='gallery-item'>\n\t\t\t<div class='gallery-icon portrait'>\n\t\t\t\t<a href='https:\/\/webstuhl.duckdns.org\/wp-content\/uploads\/2024\/03\/um-die-Quelle_compr.jpg'><img loading=\"lazy\" decoding=\"async\" width=\"782\" height=\"1024\" src=\"https:\/\/webstuhl.duckdns.org\/wp-content\/uploads\/2024\/03\/um-die-Quelle_compr-782x1024.jpg\" class=\"attachment-large size-large\" alt=\"\" aria-describedby=\"gallery-1-1590\" srcset=\"https:\/\/webstuhl.duckdns.org\/wp-content\/uploads\/2024\/03\/um-die-Quelle_compr-782x1024.jpg 782w, https:\/\/webstuhl.duckdns.org\/wp-content\/uploads\/2024\/03\/um-die-Quelle_compr-229x300.jpg 229w, https:\/\/webstuhl.duckdns.org\/wp-content\/uploads\/2024\/03\/um-die-Quelle_compr-768x1006.jpg 768w, https:\/\/webstuhl.duckdns.org\/wp-content\/uploads\/2024\/03\/um-die-Quelle_compr-1000x1310.jpg 1000w, https:\/\/webstuhl.duckdns.org\/wp-content\/uploads\/2024\/03\/um-die-Quelle_compr-230x301.jpg 230w, https:\/\/webstuhl.duckdns.org\/wp-content\/uploads\/2024\/03\/um-die-Quelle_compr-350x458.jpg 350w, https:\/\/webstuhl.duckdns.org\/wp-content\/uploads\/2024\/03\/um-die-Quelle_compr-480x629.jpg 480w, https:\/\/webstuhl.duckdns.org\/wp-content\/uploads\/2024\/03\/um-die-Quelle_compr.jpg 1026w\" sizes=\"auto, (max-width: 782px) 100vw, 782px\" \/><\/a>\n\t\t\t<\/div>\n\t\t\t\t<figcaption class='wp-caption-text gallery-caption' id='gallery-1-1590'>\n\t\t\t\tUm die Quelle\n\t\t\t\t<\/figcaption><\/figure>\n\t\t<\/div>\n<\/div><\/div><\/div><\/div><\/div><\/div>","protected":false},"excerpt":{"rendered":"<p>Dokumente im Zusammenhang der Anbindung an die kommunale Wasserversorgung: Die Liste der &#8222;Familien&#8220; wurde von xyz im Jahre abc erstellt. Sie beschreibt [&hellip;]<\/p>\n","protected":false},"author":1,"featured_media":0,"parent":0,"menu_order":0,"comment_status":"closed","ping_status":"closed","template":"page-templates\/page_front-page.php","meta":{"om_disable_all_campaigns":false,"_monsterinsights_skip_tracking":false,"_monsterinsights_sitenote_active":false,"_monsterinsights_sitenote_note":"","_monsterinsights_sitenote_category":0,"_uf_show_specific_survey":0,"_uf_disable_surveys":false,"footnotes":""},"class_list":["post-1701","page","type-page","status-publish","hentry"],"aioseo_notices":[],"_links":{"self":[{"href":"https:\/\/webstuhl.duckdns.org\/index.php?rest_route=\/wp\/v2\/pages\/1701","targetHints":{"allow":["GET"]}}],"collection":[{"href":"https:\/\/webstuhl.duckdns.org\/index.php?rest_route=\/wp\/v2\/pages"}],"about":[{"href":"https:\/\/webstuhl.duckdns.org\/index.php?rest_route=\/wp\/v2\/types\/page"}],"author":[{"embeddable":true,"href":"https:\/\/webstuhl.duckdns.org\/index.php?rest_route=\/wp\/v2\/users\/1"}],"replies":[{"embeddable":true,"href":"https:\/\/webstuhl.duckdns.org\/index.php?rest_route=%2Fwp%2Fv2%2Fcomments&post=1701"}],"version-history":[{"count":4,"href":"https:\/\/webstuhl.duckdns.org\/index.php?rest_route=\/wp\/v2\/pages\/1701\/revisions"}],"predecessor-version":[{"id":1906,"href":"https:\/\/webstuhl.duckdns.org\/index.php?rest_route=\/wp\/v2\/pages\/1701\/revisions\/1906"}],"wp:attachment":[{"href":"https:\/\/webstuhl.duckdns.org\/index.php?rest_route=%2Fwp%2Fv2%2Fmedia&parent=1701"}],"curies":[{"name":"wp","href":"https:\/\/api.w.org\/{rel}","templated":true}]}}