{"id":2243,"date":"2024-03-27T16:31:58","date_gmt":"2024-03-27T16:31:58","guid":{"rendered":"https:\/\/192.168.178.174\/?page_id=2243"},"modified":"2024-03-28T16:56:15","modified_gmt":"2024-03-28T16:56:15","slug":"christophs-chronik-der-haeuser","status":"publish","type":"page","link":"https:\/\/webstuhl.duckdns.org\/?page_id=2243","title":{"rendered":"Christophs Chronik der H\u00e4user"},"content":{"rendered":"<div id=\"pl-2243\"  class=\"panel-layout\" ><div id=\"pg-2243-0\"  class=\"panel-grid panel-has-style\" ><div style=\"padding: 100px 0; \" data-overlay=\"true\" class=\"panel-row-style panel-row-style-for-2243-0\" ><div id=\"pgc-2243-0-0\"  class=\"panel-grid-cell\" ><div id=\"panel-2243-0-0-0\" class=\"so-panel widget widget_sow-editor panel-first-child panel-last-child\" data-index=\"0\" ><div style=\"text-align: left;\" data-title-color=\"#443f3f\" data-headings-color=\"#443f3f\" class=\"panel-widget-style panel-widget-style-for-2243-0-0-0\" ><div\n\t\t\t\n\t\t\tclass=\"so-widget-sow-editor so-widget-sow-editor-base\"\n\t\t\t\n\t\t>\n<div class=\"siteorigin-widget-tinymce textwidget\">\n\t<p>Einem gl\u00fccklichen Zufall ist es zu verdanken, dass mein Patenonkel Christoph und meine Cousine Sabine sich auch um eine Chronik der Wallersheimer H\u00e4user gek\u00fcmmert haben. Diesem Umstand verdanken wir dieses Dokument. Die darin enthaltenen Fotos habe ich in den Text meines Vaters kopiert (siehe Kartenansicht H\u00e4user mit \"*\"). Die Fotos befinden sich ebenfalls unter dem Men\u00fcpunkt \"Galerie\". Beim Klick auf das Symbol mit den vier Pfeilen unterhalb des Dokumentes f\u00fcllt das Dokument den vollen Bildschirm und kann mittels der Pfeiltasten umgebl\u00e4ttert werden. \u00dcber <strong>Esc<\/strong>ape verl\u00e4sst man diesen Modus wieder.<\/p>\n<hr \/>\n<div class=\"_df_book df-lite\" id=\"df_2245\"  _slug=\"christophs-buch\" data-title=\"christophs-buch\" wpoptions=\"true\" thumbtype=\"\" ><\/div><script class=\"df-shortcode-script\" nowprocket type=\"application\/javascript\">window.option_df_2245 = {\"outline\":[],\"autoEnableOutline\":\"false\",\"autoEnableThumbnail\":\"false\",\"overwritePDFOutline\":\"false\",\"direction\":\"1\",\"pageSize\":\"0\",\"source\":\"https:\\\/\\\/wallersheim.duckdns.org\\\/wp-content\\\/uploads\\\/2024\\\/03\\\/Christophs_Haeuser_mit-Fotos_reduziert_u_Deckbl.pdf\",\"wpOptions\":\"true\"}; if(window.DFLIP && window.DFLIP.parseBooks){window.DFLIP.parseBooks();}<\/script>\n<div class=\"pixiebrix-notifier-container\" style=\"all: initial;\">\n<div style=\"position: fixed; z-index: 2147483647; inset: 16px; pointer-events: none; font-family: sans-serif;\"><\/div>\n<\/div>\n<div class=\"pixiebrix-tooltips-container\">\n<div style=\"z-index: 2147483645; position: fixed; width: max-content; height: max-content; top: 71px; left: 1182.95px; margin: 0px; padding: 0px; background-color: #ffffff; border-radius: 4px; border: 1px solid #dedbe3; box-shadow: rgba(56, 51, 66, 0.16) 0px 4px 8px -4px; display: none;\" data-testid=\"pixiebrix-selection-menu\" aria-hidden=\"true\">\n<div style=\"all: initial;\"><\/div>\n<\/div>\n<div style=\"z-index: 2147483645; position: fixed; width: max-content; height: max-content; top: 95px; left: 1081.03px; margin: 0px; padding: 0px; background-color: #ffffff; border-radius: 4px; border: 1px solid #dedbe3; box-shadow: rgba(56, 51, 66, 0.16) 0px 4px 8px -4px; display: none;\" data-testid=\"pixiebrix-selection-menu\" aria-hidden=\"true\">\n<div style=\"all: initial;\"><\/div>\n<\/div>\n<\/div>\n<div class=\"pixiebrix-notifier-container\" style=\"all: initial;\">\n<div style=\"position: fixed; z-index: 2147483647; inset: 16px; pointer-events: none; font-family: sans-serif;\"><\/div>\n<\/div>\n<\/div>\n<\/div><\/div><\/div><\/div><\/div><\/div><\/div>","protected":false},"excerpt":{"rendered":"<p>Einem gl\u00fccklichen Zufall ist es zu verdanken, dass mein Patenonkel Christoph und meine Cousine Sabine sich auch um eine Chronik der Wallersheimer [&hellip;]<\/p>\n","protected":false},"author":1,"featured_media":0,"parent":0,"menu_order":0,"comment_status":"closed","ping_status":"closed","template":"page-templates\/page_front-page.php","meta":{"om_disable_all_campaigns":false,"_monsterinsights_skip_tracking":false,"_monsterinsights_sitenote_active":false,"_monsterinsights_sitenote_note":"","_monsterinsights_sitenote_category":0,"_uf_show_specific_survey":0,"_uf_disable_surveys":false,"footnotes":""},"class_list":["post-2243","page","type-page","status-publish","hentry"],"aioseo_notices":[],"_links":{"self":[{"href":"https:\/\/webstuhl.duckdns.org\/index.php?rest_route=\/wp\/v2\/pages\/2243","targetHints":{"allow":["GET"]}}],"collection":[{"href":"https:\/\/webstuhl.duckdns.org\/index.php?rest_route=\/wp\/v2\/pages"}],"about":[{"href":"https:\/\/webstuhl.duckdns.org\/index.php?rest_route=\/wp\/v2\/types\/page"}],"author":[{"embeddable":true,"href":"https:\/\/webstuhl.duckdns.org\/index.php?rest_route=\/wp\/v2\/users\/1"}],"replies":[{"embeddable":true,"href":"https:\/\/webstuhl.duckdns.org\/index.php?rest_route=%2Fwp%2Fv2%2Fcomments&post=2243"}],"version-history":[{"count":5,"href":"https:\/\/webstuhl.duckdns.org\/index.php?rest_route=\/wp\/v2\/pages\/2243\/revisions"}],"predecessor-version":[{"id":2252,"href":"https:\/\/webstuhl.duckdns.org\/index.php?rest_route=\/wp\/v2\/pages\/2243\/revisions\/2252"}],"wp:attachment":[{"href":"https:\/\/webstuhl.duckdns.org\/index.php?rest_route=%2Fwp%2Fv2%2Fmedia&parent=2243"}],"curies":[{"name":"wp","href":"https:\/\/api.w.org\/{rel}","templated":true}]}}